1709 prime?
True
Is 16691 composite?
False
Is 189583 prime?
True
Is 122083 a prime number?
False
Is 839 composite?
False
Is 73417 prime?
True
Is 951851 prime?
True
Is 16837 a prime number?
False
Is 13841 composite?
False
Is 76907 prime?
True
Is 178355 a prime number?
False
Is 14939 a composite number?
False
Is 2051 composite?
True
Is 206069 composite?
False
Is 4327 composite?
False
Is 8391 prime?
False
Is 87337 a prime number?
True
Is 12955 a composite number?
True
Is 6995 composite?
True
Is 100253 composite?
True
Is 55243 prime?
True
Is 1108951 composite?
True
Is 952949 a composite number?
True
Is 17203 a prime number?
True
Is 1213 a prime number?
True
Is 15769 composite?
True
Is 48973 composite?
False
Is 173599 a prime number?
True
Is 31523 a composite number?
True
Is 254 prime?
False
Is 5381 composite?
False
Is 53167 a composite number?
True
Is 155177 a composite number?
True
Is 38579 a prime number?
False
Is 363893 prime?
False
Is 57467 composite?
False
Is 12373 a prime number?
True
Is 8333 composite?
True
Is 11409 prime?
False
Is 91991 prime?
False
Is 939233 a prime number?
False
Is 89951 a composite number?
True
Is 41833 a prime number?
False
Is 1056443 a prime number?
True
Is 6995 prime?
False
Is 941 composite?
False
Is 468359 prime?
True
Is 248971 a composite number?
False
Is 17965 prime?
False
Is 17933 composite?
True
Is 1049 composite?
False
Is 24707 prime?
False
Is 601337 a prime number?
False
Is 3041 a composite number?
False
Is 1541863 composite?
False
Is 7789 composite?
False
Is 23645 composite?
True
Is 2573 prime?
False
Is 2789 a prime number?
True
Is 29243 a composite number?
False
Is 112841 a composite number?
True
Is 340463 prime?
False
Is 83362 a prime number?
False
Is 67533 a composite number?
True
Is 11371 a prime number?
False
Is 227453 a prime number?
True
Is 191309 prime?
False
Is 66683 a prime number?
True
Is 43499 a composite number?
False
Is 577657 composite?
True
Is 189547 composite?
False
Is 836207 a prime number?
False
Is 262511 prime?
True
Is 13211 a composite number?
True
Is 5923 prime?
True
Is 1399 prime?
True
Is 2458349 a prime number?
True
Is 126107 composite?
False
Is 61279 a prime number?
False
Is 782897 composite?
True
Is 11393 composite?
False
Is 14263 composite?
True
Is 26981 a prime number?
True
Is 136659 a composite number?
True
Is 16959 a composite number?
True
Is 4271 a composite number?
False
Is 13253 a composite number?
True
Is 104129 prime?
False
Is 10037 a composite number?
False
Is 4092397 a composite number?
True
Is 13057 a composite number?
True
Is 303 prime?
False
Is 1479911 a prime number?
True
Is 46383 a prime number?
False
Is 10453 prime?
True
Is 10007 a prime number?
True
Is 937421 prime?
True
Is 529487 composite?
True
Is 38903 prime?
True
Is 1269529 a composite number?
False
Is 57557 prime?
True
Is 102859 a prime number?
True
Is 24223 a composite number?
False
Is 342413 a composite number?
False
Is 249929 prime?
False
Is 17647 a composite number?
True
Is 6491 a composite number?
False
Is 21817 a prime number?
True
Is 62401 a prime number?
True
Is 398539 composite?
False
Is 2551 a prime number?
True
Is 102761 a composite number?
False
Is 929 a composite number?
False
Is 227789 a composite number?
False
Is 25873 prime?
True
Is 70491 prime?
False
Is 449663 a composite number?
False
Is 218923 composite?
False
Is 1182773 prime?
False
Is 14963 a composite number?
True
Is 391 a composite number?
True
Is 84689 a composite number?
True
Is 171818 prime?
False
Is 3659 a composite number?
False
Is 25777 prime?
False
Is 196067 prime?
False
Is 2302 a composite number?
True
Is 53589 composite?
True
Is 44071 a composite number?
False
Is 43823 composite?
True
Is 1162091 a composite number?
True
Is 1837709 a composite number?
False
Is 41479 prime?
True
Is 6637 a prime number?
True
Is 758929 composite?
False
Is 33977 composite?
True
Is 92077 a composite number?
False
Is 404773 prime?
True
Is 599818 prime?
False
Is 39595 a prime number?
False
Is 1455283 prime?
False
Is 3491 composite?
False
Is 1721 a composite number?
False
Is 1651 a composite number?
True
Is 583789 a composite number?
False
Is 414905 a composite number?
True
Is 39709 a composite number?
False
Is 174601 a prime number?
False
Is 2114951 a composite number?
False
Is 259859 a composite number?
True
Is 2777 prime?
True
Is 33447 prime?
False
Is 39927 a prime number?
False
Is 34123 composite?
False
Is 49097 a composite number?
True
Is 3463 a composite number?
False
Is 4271 composite?
False
Is 165745 prime?
False
Is 502441 a composite number?
False
Is 6761 a prime number?
True
Is 26969 prime?
False
Is 32837 a prime number?
False
Is 31037 a prime number?
False
Is 21479 a prime number?
False
Is 2190679 a prime number?
True
Is 36433 a composite number?
False
Is 470279 a prime number?
True
Is 97085 a prime number?
False
Is 22871 prime?
True
Is 123869 a prime number?
False
Is 2159 a prime number?
False
Is 483841 a prime number?
False
Is 527 prime?
False
Is 285373 composite?
True
Is 3659 prime?
True
Is 89443 composite?
False
Is 19931 composite?
True
Is 499 prime?
True
Is 12769 composite?
True
Is 18143 composite?
False
Is 90769 composite?
True
Is 10061 a composite number?
False
Is 62639 a composite number?
False
Is 351601 prime?
False
Is 3491 a composite number?
False
Is 84983 composite?
True
Is 77839 a prime number?
True
Is 120601 composite?
True
Is 10294 prime?
False
Is 23459 a composite number?
False
Is 195683 composite?
True
Is 18623 a prime number?
False
Is 9101 a composite number?
True
Is 263591 composite?
False
Is 87407 a composite number?
False
Is 589 a composite number?
True
Is 2101 a composite number?
True
Is 138041 composite?
False
Is 3292753 composite?
False
Is 166351 a prime number?
True
Is 31567 a composite number?
False
Is 467 composite?
False
Is 4357 prime?
True
Is 155249 a composite number?
True
Is 3079 prime?
True
Is 1031 a composite number?
False
Is 162353 prime?
False
Is 54547 a prime number?
True
Is 1783319 composite?
False
Is 94279 a composite number?
True
Is 7597 a composite number?
True
Is 7121 a prime number?
True
Is 4872719 composite?
False
Is 3847 a prime number?
True
Is 10594 composite?
True
Is 7187 prime?
True
Is 455701 a composite number?
False
Is 4271 composite?
False
Is 565157 a composite number?
True
Is 1555 composite?
True
Is 27631 a prime number?
True
Is 335161 a prime number?
True
Is 26627 composite?
False
Is 141937 a composite number?
False
Is 142261 a composite number?
True
Is 23797 a prime number?
False
Is 119879 a composite number?
True
Is 1389083 prime?
True
Is 83299 composite?
False
Is 274087 prime?
False
Is 28501 composite?
True
Is 6521 prime?
True
Is 1217821 composite?
True
Is 525914 a composite number?
True
Is 80357 a composite number?
True
Is 4741 composite?
True
Is 173099 composite?
False
Is 110119 prime?
True
Is 472981 a composite number?
True
Is 307 a composite number?
False
Is 20179 a prime number?
False
Is 1151 a prime number?
True
Is 910709 prime?
True
Is 959449 a prime number?
True
Is 285191 a prime number?
True
Is 393 composite?
True
Is 669167 prime?
True
Is 787 composite?
False
Is 2229833 composite?
False
Is 603149 a prime number?
True
Is 1370617 a composite number?
False
Is 96361 composite?
True
Is 28559 composite?
False
Is 90059 a prime number?
True
Is 86383 a prime number?
False
Is 51971 a composite number?
False
Is 70423 composite?
False
Is 215839 a prime number?
False
Is 102059 composite?
False
Is 12829 composite?
False
Is 8329 a prime number?
True
Is 2179 prime?
True
Is 3343 prime?
True
Is 46111 a composite number?
True
Is 872691 composite?
True
Is 42673 composite?
True
Is 41077 a composite number?
False
Is 981469 composite?
True
Is 1953547 a prime number?
True
Is 30169 prime?
True
Is 10573 prime?
False
Is 14426 composite?
True
Is 65053 composite?
False
Is 4847 composite?
True
Is 3109 a composite number?
False
Is 105631 composite?
True
Is 454 composite?
True
Is 2463 prime?
False
Is 856021 a composite number?
False
Is 107563 a prime number?
True
Is 1002377 composite?
False
Is 32245 composite?
True
Is 84629 a composite number?
False
Is 129451 prime?
False
Is 18053 composite?
True
Is 57518 a prime number?
False
Is 25927 a prime number?
False
Is 18862 composite?
True
Is 128377 a prime number?
